 4*x(h). Give u(-28).
-40
Let x(s) be the third derivative of -s**6/60 - s**5/4 - 7*s**4/24 - s**3/6 + 2*s**2 - 539*s. Determine x(-7).
-1
Let f(n) be the first derivative of 1/12*n**4 + 1/3*n**3 + 0*n + 5 + 5/2*n**2. Let p(m) be the second derivative of f(m). What is p(-2)?
-2
Let d(w) = -w**3 - 3*w**2 + w + 7. Let g be d(-3). Suppose g*q - 9 = 5*r, -6*q = -2*q + r - 3. Let t(m) = -9*m**3 + m**2 - 1. Give t(q).
-9
Let p(c) = -3*c**2 - 2*c + 1. Let w(o) = -33*o + 24. Suppose -4 = -3*d + 11. Let k be w(d). Let l = -143 - k. Determine p(l).
-7
Let v(g) = 2*g**2 - 19*g - 248. Let r(q) = -q**2 + 23*q + 245. Let n(l) = 3*r(l) + 2*v(l). Give n(-15).
-1
Suppose 0 = -4*x - q - 13, q - 2*q - 5 = 2*x. Let p(i) = -7 + 0 + 239*i**2 - 112*i**2 - 2*i - 123*i**2 + i**3. What is p(x)?
1
Let s(a) be the first derivative of -5/3*a**3 - 1/24*a**4 - 3 + 0*a**2 + 0*a + 9/40*a**5. Let k(b) be the third derivative of s(b). What is k(1)?
26
Let s(r) = r**2 - r + 2. Let o be s(1). Suppose o*a + 3*a + 120 = 0. Let i = -22 - a. Let c(n) = -n**2 - 4*n + 3. Calculate c(i).
-9
Let i(z) = 0 - z**3 + 3*z**2 + 2 - 2*z**2. Let w = -237184 + 237184. Determine i(w).
2
Let j be ((-6)/15)/((-152)/(-30) - 5). Let i(m) = -m - 6. Let n(l) = -4*l - 11. Let d(g) = j*n(g) + 11*i(g). What is d(1)?
13
Let a(n) = 11*n**3 - 22*n**2 - 26*n - 14. Let y(p) = 4*p**3 - 7*p**2 - 10*p - 5. Let o(s) = 3*a(s) - 8*y(s). Determine o(10).
18
Let p(v) = -v - 12. Let o be 1/3 + (-782)/51. Let j be p(o). Let q(r) = 2*r + 14*r**2 - 3 + 11*r**2 + r**3 - 29*r**2. Calculate q(j).
-6
Let d(r) = -2 + 24*r**2 + 2 + 17*r**2 + 4*r + 1 - 38*r**2. What is d(-4)?
33
Let g(k) = -18*k - 6. Let l = -24849 + 24853. Give g(l).
-78
Let n(r) = 25*r**2 + 4*r + 17. Let i(a) = 25*a**2 + 5*a + 21. Let g = -464 + 460. Let l(f) = g*i(f) + 5*n(f). Calculate l(1).
26
Let i(r) = r**3 - 12*r**2 - 13*r + 16. Let z(d) = 2*d**3 + 12*d**2 - 14*d + 13. Let m be z(-7). What is i(m)?
16
Let b(q) be the third derivative of -q**5/60 + 11*q**4/24 - 5*q**3/6 + 20*q**2 + 3. Let u(p) be the first derivative of b(p). Determine u(9).
-7
Let c(w) = 4*w**2 + 1. Let g(n) = -n**2 - n + 1. Let k(x) = 26*x**2 + x + 3. Let b(q) = 3*g(q) + k(q). Let a(v) = b(v) - 6*c(v). Determine a(-7).
-35
Let n(l) be the second derivative of l**3/3 - 2*l**2 + 9*l. Let h(d) = d**2 - 16*d - 20. Let k be h(17). Let r be ((-24)/(-20))/(k/15). Determine n(r).
-16
Suppose l - 211 = -3*a, 2*a - l = -4*l + 150. Let v = -66 + a. Let p = 4 - v. Let n(q) = 4*q**2 - q. What is n(p)?
3
Let n(z) = 291*z**2 + 2*z - 20. Let q(k) = 233*k**2 + k - 19. Let c(v) = -4*n(v) + 5*q(v). Determine c(-6).
39
Suppose 2*d - d = 3. Let k(s) be the first derivative of s**3/3 - 3*s - 1215. Give k(d).
6
Let y = -128 + 125. Let c(v) = -34*v - 11. Let w(p) = 4. Let k(d) = y*w(d) - c(d). What is k(-1)?
-35
Let m be 1*-1*35*(-26)/182. Let a(p) = -p**3 + 3*p**2 + 10*p. Calculate a(m).
0
Let p be 1100/90 + 8/(-36). Suppose 5*c = -l + p + 4, 0 = 4*l - 3*c - 41. Let b(q) = q + 3. Determine b(l).
14
Let l(s) = s**3 - 2*s**2 - 7*s - 1. Let g be l(4). Let k(b) = -61 + 126 - 60 + b + g*b. Give k(-6).
-19
Let r(x) = -8*x - 33. Suppose 515*l - 144 = 551*l. What is r(l)?
-1
Let d(p) be the third derivative of 0 + 0*p + p**2 + 5/24*p**4 + 1/30*p**5 + 2/3*p**3. Suppose 2*k = 5*q - 16, -4*q - 9 = -17. Give d(k).
7
Let s(h) = 376*h + 2*h**2 + 9 - 3*h**2 - 380*h + 0*h**2. Suppose -11*n - 2*l - 20 = -9*n, -3*n - 2*l = 26. Determine s(n).
-3
Suppose f + 2*g - 2 = -2*f, 4*f = 3*g + 14. Let d(j) = 2 - 1 - f*j + j**2 + 201*j**3 - 195*j**3. Suppose 0 = 2*p - 4, x = 4*p - 6 - 1. What is d(x)?
6
Let i(g) = -g**3 - 15*g**2 + 16*g + 4. Suppose 9*q + 78*q = 17*q - 1120. Determine i(q).
4
Suppose 0 = 10*o - 3*o - 203. Suppose -9*c + 34 = -o. Let m(f) = f - 5*f + c*f + 7 - f**3 + 7*f**2 - 4*f. Calculate m(7).
0
Let j(k) be the first derivative of -k**4/6 + 5*k**3/2 - 5*k**2 + 62*k - 7. Let n(y) be the first derivative of j(y). Calculate n(7).
-3
Let z(o) = o**2 + 11*o + 9. Let m(p) = -p**3 - 13*p**2 - 8*p + 38. Suppose -6*y + 8*y = -24. Let n be m(y). Calculate z(n).
-1
Let p(f) = -21 + 18635*f**3 - 17*f - 18636*f**3 - 12*f**2 + 29. Give p(-10).
-22
Let r(s) = s**2 - 10*s - 2. Let n(m) = 4*m + 46. Suppose 0 = 5*b + 67 - 22. Let d be n(b). Give r(d).
-2
Let t(k) be the third derivative of 13*k**6/60 + k**5/12 - k**4/12 - k**3/3 + 253*k**2. What is t(1)?
27
Let l(s) = -18 - 5*s**2 + 11*s + 11*s**2 - 7*s**2. Let f be l(9). Let o(a) be the second derivative of a**3/6 + a**2 - 4*a. Calculate o(f).
2
Let s(x) = 12 - 4 + 7*x + 5*x - 10. Let g = 1540 + -1537. Give s(g).
34
Let j(b) be the second derivative of 76*b**3/3 - 1369*b**2/2 + 1547*b + 1. Give j(9).
-1
Let v(m) = 9*m - 19. Let u(g) = 2*g - 1. Let q(k) = -6*u(k) + v(k). What is q(-3)?
-4
Suppose 4*g = -0*g + 140. Suppose 0 = 2*t - k - 38 - 16, -2*k = 4. Let b(r) = r**2 + g*r + 0*r**2 + 12 - t*r. Give b(-8).
4
Let p(o) = 51*o + 4*o**2 + 2*o**3 - 19*o - 15 - o**3 + 4 - 47*o. Give p(-6).
7
Let b(s) = 21*s + 12. Let y(a) = -126*a - 79. Let z(v) = 13*b(v) + 2*y(v). Give z(4).
82
Let u(i) = -4*i - 23*i**2 + 3*i**2 - 23 + 6*i + 63*i**3 - 61*i**3. Calculate u(10).
-3
Suppose -348 = -7*s + s. Let h be s/18 + 18/(-81). Let q(w) = 2 + 2*w + w**2 + w**h + 2*w**2 - 3*w**2. Give q(-2).
-10
Let x(z) = 26*z - 3*z**2 + 0 - 3 - 27*z + z**3. Let i(t) = 2*t**3 + 1 - 4*t**3 + 0 + 3*t**2 + 2*t. Let y be i(-1). Give x(y).
9
Let r(q) = q**2 + 25*q + 35. Let v be (0/(1 + -3) - -10)*(-445)/178. Give r(v).
35
Suppose 2*b + 1400 = 177*b. Let h(z) be the second derivative of -1/2*z**2 + 1/6*z**3 + 0 - b*z - 1/12*z**4. Calculate h(0).
-1
Let p be 1300/(-104) + ((-5)/(-2) - 1). Let o(k) = k**2 + 15*k + 51. Give o(p).
7
Let w be (9 + 10 + 9)*3*3/36. Let k(r) = r**2 - 7*r + 4. Calculate k(w).
4
Let h = 15 - -3. Let b be 2/(-1 - (-20)/h). Let j = 11 - b. Let i(p) = p**2 + 7*p - 6. Calculate i(j).
-6
Let m(b) be the third derivative of -7*b**4/24 + 3*b**3/2 + 238*b**2 + 3. What is m(14)?
-89
Let z(s) be the first derivative of 5/3*s**3 + 1/2*s**2 + 1/4*s**4 - 31 - 5*s. Give z(-5).
-10
Let v(d) = -d**2 + d + 10. Let p(c) = 21*c + 26*c + 1 - 48*c. Let q(t) = -2*p(t) + v(t). Calculate q(4).
4
Let n(c) = 22*c - 23*c + 3*c**2 + 14*c**2 - 4*c**2. Suppose 7*w - 3*w = 2*r - 26, -w - 1 = 5*r. Give n(r).
12
Let q(n) = -2*n**2 + 3*n**2 + 33818*n - 33821*n - 30. Determine q(-4).
-2
Let m(i) = 4*i - 12*i + 26 + 38*i**2 - 3*i + 0*i**2 - 36*i**2. What is m(9)?
89
Let r(b) = b**3 + 6*b**2 + 2*b + 4. Let z be (1/(-1))/((-23)/(-2461)). Let n = z + 101. Calculate r(n).
-8
Let j(r) = r**2 + 3. Let d be j(0). Let t = 100 - 105. Let x(m) = 5*m**2 + 16*m + 15. Let l(s) = 4*s**2 + 14*s + 13. Let c(u) = t*x(u) + 6*l(u). Give c(d).
6
Suppose -2*m + 35 = 5*l + 39, -3*l = 3*m - 3. Let p(i) = -9*i**2 - 3*i + 12. Give p(m).
-78
Suppose -5*x - 106 = w - 9*x, 242 = -2*w + 2*x. Let s = -121 - w. Let k(o) = -o**3 + 4*o**2 + 4*o + 5. Calculate k(s).
0
Let u be 0 - (-5 + -8 - -13). Let r(c) be the second derivative of u - 1/6*c**3 + 7/2*c**2 - 15*c. Give r(0).
7
Let k(g) be the first derivative of -g**2 - g + 1. Let z = 12670 + -12669. Determine k(z).
-3
Let z(n) = n**3 - 17*n**2 + 2*n - 28. Let f be (-4 + 42/(-15))/(((-56)/(-20))/(-7)). Calculate z(f).
6
Let u(k) = 12*k**2 - 25*k + 7. Let b(l) = 153*l + 5663. Let i be b(-37). Determine u(i).
5
Let h(u) = -u**3 + 9*u**2 - 9*u + 9. Let m(l) = -l**3 - 9*l**2 + 28*l + 54. Let d be m(-10). Let y = d - -134. What is h(y)?
1
Let a(i) = i**3 - 5*i**2 - 6*i + 3. Let q be a(6). Let p(k) = 0*k - 2*k + q*k. Let g = 42027 - 42033. Calculate p(g).
-6
Let w(x) = 2*x**3 + 2*x**2 - 2. Let u be (-270)/324 - 11/(-6). Give w(u).
2
Let m(y) = 19*y**3 - 20*y**3 - 3 - 16*y + y**2 + 5 - 11*y**2 - 5*y. Calculate m(-7).
2
Let u(b) = -1336*b + 2676*b + 25 - 1342*b. What is u(10)?
5
Suppose -3*n + 2*u + 15 = -1, -2*u = 3*n + 4. Suppose -2*d = 5*i, -2*d + n = i + 3*i. Let b(j) = -d*j**2 + 8*j**2 + 6*j + 0*j**2 - 6 - j**3. Calculate b(4).
2
Let i be 2/(-12) - 1861*(-4)/24. Let t = 301 - i. Let x(o) = -o**3 - 9*o**2 + o + 2. Give x(t).
-7
Let l(s) = s**3 + 7*s**2 + 6*s - 7. Let u be (-5)/((-1)/(-1)) - (-5 + 2). Let q = u + -25. Let a = 21 + q. What is l(a)?
-7
Let g be 46/(-161) + -2*1/(-7). Suppose s - 2 = 5*r + 9, -5*s + 4*r - 